{"id":19,"date":"2026-04-02T20:51:39","date_gmt":"2026-04-02T20:51:39","guid":{"rendered":"https:\/\/plataformasdeelevacionguenther.com\/?post_type=product&#038;p=19"},"modified":"2026-04-16T20:57:26","modified_gmt":"2026-04-16T20:57:26","slug":"genie-gs-1930-plataforma-de-tijera","status":"publish","type":"product","link":"https:\/\/plataformasdeelevacionguenther.com\/index.php\/producto\/genie-gs-1930-plataforma-de-tijera\/","title":{"rendered":"Genie GS 1930 Plataforma de tijera"},"content":{"rendered":"","protected":false},"excerpt":{"rendered":"<p>Un equipo para tareas de construcci\u00f3n e industriales, ideal para trabajar en entornos sensibles al ruido y las emisiones.<\/p>\n<p>Esta plataforma elevadora el\u00e9ctrica ofrece una <strong>altura m\u00e1xima de trabajo de 7.79 m, con una capacidad de carga de 227 kg.<\/strong> Su dise\u00f1o la convierte en una gran opci\u00f3n para realizar trabajos en interiores y exteriores, sobre superficies niveladas y estables.<\/p>\n<p><strong>A\u00f1o 2016<\/strong><\/p>\n<p><strong>369 Horas<\/strong><\/p>\n","protected":false},"featured_media":251,"template":"","meta":[],"product_brand":[],"product_cat":[18],"product_tag":[],"class_list":{"0":"post-19","1":"product","2":"type-product","3":"status-publish","4":"has-post-thumbnail","6":"product_cat-elevadores-de-tijera","8":"first","9":"instock","10":"shipping-taxable","11":"purchasable","12":"product-type-simple"},"yoast_head":"<!-- This site is optimized with the Yoast SEO plugin v27.4 - https:\/\/yoast.com\/product\/yoast-seo-wordpress\/ -->\n<title>Genie GS 1930 Plataforma de tijera - Plataformas de Elevaci\u00f3n Guenther<\/title>\n<meta name=\"description\" content=\"La soluci\u00f3n m\u00e1s confiable en renta y venta de equipo de altura y construcci\u00f3n\" \/>\n<meta name=\"robots\" content=\"index, follow, max-snippet:-1, max-image-preview:large, max-video-preview:-1\" \/>\n<link rel=\"canonical\" href=\"https:\/\/plataformasdeelevacionguenther.com\/index.php\/producto\/genie-gs-1930-plataforma-de-tijera\/\" \/>\n<meta property=\"og:locale\" content=\"es_MX\" \/>\n<meta property=\"og:type\" content=\"article\" \/>\n<meta property=\"og:title\" content=\"Genie GS 1930 Plataforma de tijera - Plataformas de Elevaci\u00f3n Guenther\" \/>\n<meta property=\"og:description\" content=\"La soluci\u00f3n m\u00e1s confiable en renta y venta de equipo de altura y construcci\u00f3n\" \/>\n<meta property=\"og:url\" content=\"https:\/\/plataformasdeelevacionguenther.com\/index.php\/producto\/genie-gs-1930-plataforma-de-tijera\/\" \/>\n<meta property=\"og:site_name\" content=\"Plataformas de Elevaci\u00f3n Guenther\" \/>\n<meta property=\"article:modified_time\" content=\"2026-04-16T20:57:26+00:00\" \/>\n<meta property=\"og:image\" content=\"https:\/\/plataformasdeelevacionguenther.com\/wp-content\/uploads\/2026\/04\/6-6-2.png\" \/>\n\t<meta property=\"og:image:width\" content=\"896\" \/>\n\t<meta property=\"og:image:height\" content=\"1195\" \/>\n\t<meta property=\"og:image:type\" content=\"image\/png\" \/>\n<meta name=\"twitter:card\" content=\"summary_large_image\" \/>\n<script type=\"application\/ld+json\" class=\"yoast-schema-graph\">{\"@context\":\"https:\\\/\\\/schema.org\",\"@graph\":[{\"@type\":\"WebPage\",\"@id\":\"https:\\\/\\\/plataformasdeelevacionguenther.com\\\/index.php\\\/producto\\\/genie-gs-1930-plataforma-de-tijera\\\/\",\"url\":\"https:\\\/\\\/plataformasdeelevacionguenther.com\\\/index.php\\\/producto\\\/genie-gs-1930-plataforma-de-tijera\\\/\",\"name\":\"Genie GS 1930 Plataforma de tijera - Plataformas de Elevaci\u00f3n Guenther\",\"isPartOf\":{\"@id\":\"https:\\\/\\\/plataformasdeelevacionguenther.com\\\/#website\"},\"primaryImageOfPage\":{\"@id\":\"https:\\\/\\\/plataformasdeelevacionguenther.com\\\/index.php\\\/producto\\\/genie-gs-1930-plataforma-de-tijera\\\/#primaryimage\"},\"image\":{\"@id\":\"https:\\\/\\\/plataformasdeelevacionguenther.com\\\/index.php\\\/producto\\\/genie-gs-1930-plataforma-de-tijera\\\/#primaryimage\"},\"thumbnailUrl\":\"https:\\\/\\\/plataformasdeelevacionguenther.com\\\/wp-content\\\/uploads\\\/2026\\\/04\\\/6-6-2.png\",\"datePublished\":\"2026-04-02T20:51:39+00:00\",\"dateModified\":\"2026-04-16T20:57:26+00:00\",\"description\":\"La soluci\u00f3n m\u00e1s confiable en renta y venta de equipo de altura y construcci\u00f3n\",\"breadcrumb\":{\"@id\":\"https:\\\/\\\/plataformasdeelevacionguenther.com\\\/index.php\\\/producto\\\/genie-gs-1930-plataforma-de-tijera\\\/#breadcrumb\"},\"inLanguage\":\"es\",\"potentialAction\":[{\"@type\":\"ReadAction\",\"target\":[\"https:\\\/\\\/plataformasdeelevacionguenther.com\\\/index.php\\\/producto\\\/genie-gs-1930-plataforma-de-tijera\\\/\"]}]},{\"@type\":\"ImageObject\",\"inLanguage\":\"es\",\"@id\":\"https:\\\/\\\/plataformasdeelevacionguenther.com\\\/index.php\\\/producto\\\/genie-gs-1930-plataforma-de-tijera\\\/#primaryimage\",\"url\":\"https:\\\/\\\/plataformasdeelevacionguenther.com\\\/wp-content\\\/uploads\\\/2026\\\/04\\\/6-6-2.png\",\"contentUrl\":\"https:\\\/\\\/plataformasdeelevacionguenther.com\\\/wp-content\\\/uploads\\\/2026\\\/04\\\/6-6-2.png\",\"width\":896,\"height\":1195},{\"@type\":\"BreadcrumbList\",\"@id\":\"https:\\\/\\\/plataformasdeelevacionguenther.com\\\/index.php\\\/producto\\\/genie-gs-1930-plataforma-de-tijera\\\/#breadcrumb\",\"itemListElement\":[{\"@type\":\"ListItem\",\"position\":1,\"name\":\"Inicio\",\"item\":\"https:\\\/\\\/plataformasdeelevacionguenther.com\\\/\"},{\"@type\":\"ListItem\",\"position\":2,\"name\":\"Tienda\",\"item\":\"https:\\\/\\\/plataformasdeelevacionguenther.com\\\/index.php\\\/tienda\\\/\"},{\"@type\":\"ListItem\",\"position\":3,\"name\":\"Genie GS 1930 Plataforma de tijera\"}]},{\"@type\":\"WebSite\",\"@id\":\"https:\\\/\\\/plataformasdeelevacionguenther.com\\\/#website\",\"url\":\"https:\\\/\\\/plataformasdeelevacionguenther.com\\\/\",\"name\":\"Plataformas de Elevaci\u00f3n Guenther\",\"description\":\"La soluci\u00f3n m\u00e1s confiable en renta y venta de equipo de altura y construcci\u00f3n\",\"publisher\":{\"@id\":\"https:\\\/\\\/plataformasdeelevacionguenther.com\\\/#organization\"},\"alternateName\":\"Plataformas de Elevaci\u00f3n Guenther\",\"potentialAction\":[{\"@type\":\"SearchAction\",\"target\":{\"@type\":\"EntryPoint\",\"urlTemplate\":\"https:\\\/\\\/plataformasdeelevacionguenther.com\\\/?s={search_term_string}\"},\"query-input\":{\"@type\":\"PropertyValueSpecification\",\"valueRequired\":true,\"valueName\":\"search_term_string\"}}],\"inLanguage\":\"es\"},{\"@type\":\"Organization\",\"@id\":\"https:\\\/\\\/plataformasdeelevacionguenther.com\\\/#organization\",\"name\":\"Plataformas de Elevaci\u00f3n Guenther\",\"alternateName\":\"Plataformas de Elevaci\u00f3n Guenther\",\"url\":\"https:\\\/\\\/plataformasdeelevacionguenther.com\\\/\",\"logo\":{\"@type\":\"ImageObject\",\"inLanguage\":\"es\",\"@id\":\"https:\\\/\\\/plataformasdeelevacionguenther.com\\\/#\\\/schema\\\/logo\\\/image\\\/\",\"url\":\"https:\\\/\\\/plataformasdeelevacionguenther.com\\\/wp-content\\\/uploads\\\/2026\\\/04\\\/cropped-PEG.png\",\"contentUrl\":\"https:\\\/\\\/plataformasdeelevacionguenther.com\\\/wp-content\\\/uploads\\\/2026\\\/04\\\/cropped-PEG.png\",\"width\":400,\"height\":298,\"caption\":\"Plataformas de Elevaci\u00f3n Guenther\"},\"image\":{\"@id\":\"https:\\\/\\\/plataformasdeelevacionguenther.com\\\/#\\\/schema\\\/logo\\\/image\\\/\"}}]}<\/script>\n<!-- \/ Yoast SEO plugin. -->","yoast_head_json":{"title":"Genie GS 1930 Plataforma de tijera - Plataformas de Elevaci\u00f3n Guenther","description":"La soluci\u00f3n m\u00e1s confiable en renta y venta de equipo de altura y construcci\u00f3n","robots":{"index":"index","follow":"follow","max-snippet":"max-snippet:-1","max-image-preview":"max-image-preview:large","max-video-preview":"max-video-preview:-1"},"canonical":"https:\/\/plataformasdeelevacionguenther.com\/index.php\/producto\/genie-gs-1930-plataforma-de-tijera\/","og_locale":"es_MX","og_type":"article","og_title":"Genie GS 1930 Plataforma de tijera - Plataformas de Elevaci\u00f3n Guenther","og_description":"La soluci\u00f3n m\u00e1s confiable en renta y venta de equipo de altura y construcci\u00f3n","og_url":"https:\/\/plataformasdeelevacionguenther.com\/index.php\/producto\/genie-gs-1930-plataforma-de-tijera\/","og_site_name":"Plataformas de Elevaci\u00f3n Guenther","article_modified_time":"2026-04-16T20:57:26+00:00","og_image":[{"width":896,"height":1195,"url":"https:\/\/plataformasdeelevacionguenther.com\/wp-content\/uploads\/2026\/04\/6-6-2.png","type":"image\/png"}],"twitter_card":"summary_large_image","schema":{"@context":"https:\/\/schema.org","@graph":[{"@type":"WebPage","@id":"https:\/\/plataformasdeelevacionguenther.com\/index.php\/producto\/genie-gs-1930-plataforma-de-tijera\/","url":"https:\/\/plataformasdeelevacionguenther.com\/index.php\/producto\/genie-gs-1930-plataforma-de-tijera\/","name":"Genie GS 1930 Plataforma de tijera - Plataformas de Elevaci\u00f3n Guenther","isPartOf":{"@id":"https:\/\/plataformasdeelevacionguenther.com\/#website"},"primaryImageOfPage":{"@id":"https:\/\/plataformasdeelevacionguenther.com\/index.php\/producto\/genie-gs-1930-plataforma-de-tijera\/#primaryimage"},"image":{"@id":"https:\/\/plataformasdeelevacionguenther.com\/index.php\/producto\/genie-gs-1930-plataforma-de-tijera\/#primaryimage"},"thumbnailUrl":"https:\/\/plataformasdeelevacionguenther.com\/wp-content\/uploads\/2026\/04\/6-6-2.png","datePublished":"2026-04-02T20:51:39+00:00","dateModified":"2026-04-16T20:57:26+00:00","description":"La soluci\u00f3n m\u00e1s confiable en renta y venta de equipo de altura y construcci\u00f3n","breadcrumb":{"@id":"https:\/\/plataformasdeelevacionguenther.com\/index.php\/producto\/genie-gs-1930-plataforma-de-tijera\/#breadcrumb"},"inLanguage":"es","potentialAction":[{"@type":"ReadAction","target":["https:\/\/plataformasdeelevacionguenther.com\/index.php\/producto\/genie-gs-1930-plataforma-de-tijera\/"]}]},{"@type":"ImageObject","inLanguage":"es","@id":"https:\/\/plataformasdeelevacionguenther.com\/index.php\/producto\/genie-gs-1930-plataforma-de-tijera\/#primaryimage","url":"https:\/\/plataformasdeelevacionguenther.com\/wp-content\/uploads\/2026\/04\/6-6-2.png","contentUrl":"https:\/\/plataformasdeelevacionguenther.com\/wp-content\/uploads\/2026\/04\/6-6-2.png","width":896,"height":1195},{"@type":"BreadcrumbList","@id":"https:\/\/plataformasdeelevacionguenther.com\/index.php\/producto\/genie-gs-1930-plataforma-de-tijera\/#breadcrumb","itemListElement":[{"@type":"ListItem","position":1,"name":"Inicio","item":"https:\/\/plataformasdeelevacionguenther.com\/"},{"@type":"ListItem","position":2,"name":"Tienda","item":"https:\/\/plataformasdeelevacionguenther.com\/index.php\/tienda\/"},{"@type":"ListItem","position":3,"name":"Genie GS 1930 Plataforma de tijera"}]},{"@type":"WebSite","@id":"https:\/\/plataformasdeelevacionguenther.com\/#website","url":"https:\/\/plataformasdeelevacionguenther.com\/","name":"Plataformas de Elevaci\u00f3n Guenther","description":"La soluci\u00f3n m\u00e1s confiable en renta y venta de equipo de altura y construcci\u00f3n","publisher":{"@id":"https:\/\/plataformasdeelevacionguenther.com\/#organization"},"alternateName":"Plataformas de Elevaci\u00f3n Guenther","potentialAction":[{"@type":"SearchAction","target":{"@type":"EntryPoint","urlTemplate":"https:\/\/plataformasdeelevacionguenther.com\/?s={search_term_string}"},"query-input":{"@type":"PropertyValueSpecification","valueRequired":true,"valueName":"search_term_string"}}],"inLanguage":"es"},{"@type":"Organization","@id":"https:\/\/plataformasdeelevacionguenther.com\/#organization","name":"Plataformas de Elevaci\u00f3n Guenther","alternateName":"Plataformas de Elevaci\u00f3n Guenther","url":"https:\/\/plataformasdeelevacionguenther.com\/","logo":{"@type":"ImageObject","inLanguage":"es","@id":"https:\/\/plataformasdeelevacionguenther.com\/#\/schema\/logo\/image\/","url":"https:\/\/plataformasdeelevacionguenther.com\/wp-content\/uploads\/2026\/04\/cropped-PEG.png","contentUrl":"https:\/\/plataformasdeelevacionguenther.com\/wp-content\/uploads\/2026\/04\/cropped-PEG.png","width":400,"height":298,"caption":"Plataformas de Elevaci\u00f3n Guenther"},"image":{"@id":"https:\/\/plataformasdeelevacionguenther.com\/#\/schema\/logo\/image\/"}}]}},"_links":{"self":[{"href":"https:\/\/plataformasdeelevacionguenther.com\/index.php\/wp-json\/wp\/v2\/product\/19","targetHints":{"allow":["GET"]}}],"collection":[{"href":"https:\/\/plataformasdeelevacionguenther.com\/index.php\/wp-json\/wp\/v2\/product"}],"about":[{"href":"https:\/\/plataformasdeelevacionguenther.com\/index.php\/wp-json\/wp\/v2\/types\/product"}],"wp:featuredmedia":[{"embeddable":true,"href":"https:\/\/plataformasdeelevacionguenther.com\/index.php\/wp-json\/wp\/v2\/media\/251"}],"wp:attachment":[{"href":"https:\/\/plataformasdeelevacionguenther.com\/index.php\/wp-json\/wp\/v2\/media?parent=19"}],"wp:term":[{"taxonomy":"product_brand","embeddable":true,"href":"https:\/\/plataformasdeelevacionguenther.com\/index.php\/wp-json\/wp\/v2\/product_brand?post=19"},{"taxonomy":"product_cat","embeddable":true,"href":"https:\/\/plataformasdeelevacionguenther.com\/index.php\/wp-json\/wp\/v2\/product_cat?post=19"},{"taxonomy":"product_tag","embeddable":true,"href":"https:\/\/plataformasdeelevacionguenther.com\/index.php\/wp-json\/wp\/v2\/product_tag?post=19"}],"curies":[{"name":"wp","href":"https:\/\/api.w.org\/{rel}","templated":true}]}}